?
1d9c0b
What is 1060763 (base 8) in base 10?
287219
102320122301 (base 4) to base 15
67b88b
Convert -b8271 (base 13) to base 16.
-51191
Convert 128635 (base 9) to base 12.
39535
What is 586eee (base 15) in base 11?
2426753
Convert -334434212 (base 5) to base 12.
-5b6742
What is -153a79 (base 14) in base 12?
-2b8437
What is 185282 (base 11) in base 3?
112111011201
What is 203100 (base 5) in base 2?
1100111111010
-6855702 (base 9) to base 7
-43301336
a58c1 (base 13) to base 12
124620
543978 (base 14) to base 7
33151311
Convert 55789 (base 13) to base 12.
758ba
Convert -332c4 (base 15) to base 11.
-10120a
What is -2abb50 (base 12) in base 4?
-2301022230
-43542351 (base 6) to base 15
-1ab717
328016 (base 15) to base 9
4466853
-52777 (base 11) to base 15
-17b4d
Convert -18824 (base 16) to base 13.
-36902
33233 (base 12) to base 13
24a92
What is 4d6c64 (base 15) in base 9?
6887044
What is -3ba97a (base 12) in base 9?
-1773444
What is -195aacc (base 14) in base 15?
-118acac
What is 134343431 (base 5) in base 3?
1022120000222
What is 4643206 (base 10) in base 15?
61ab71
Convert -2011132020 (base 4) to base 6.
-15415000
Convert 1215744 (base 8) to base 2.
1010001101111100100
-675701 (base 10) to base 7
-5512655
What is -1256042 (base 7) in base 11?
-103264
What is 310217 (base 8) in base 3?
12012122220
What is 1dbdb74 (base 14) in base 13?
3147258
What is 210331213013 (base 4) in base 5?
4440031133
-212041023 (base 5) to base 13
-253777
Convert -374231 (base 8) to base 5.
-13113202
What is 44410022 (base 5) in base 9?
651373
Convert -1135731 (base 9) to base 3.
-1011012211001
Convert 17eb2 (base 15) to base 3.
10221101212
Convert 606754 (base 9) to base 6.
11411204
What is -4b5b76 (base 14) in base 3?
-11212120121110
120021021011 (base 3) to base 9
507234
Convert -10010100000110011001 (base 2) to base 4.
-2110012121
What is 1061311 (base 7) in base 3?
20201211101
Convert -3a139 (base 13) to base 5.
-11422440
What is -1665037 (base 10) in base 4?
-12112200031
What is 6602 (base 16) in base 7?
136064
2b692 (base 16) to base 9
300816
What is 4107737 (base 8) in base 6?
35133011
Convert 11a7611 (base 11) to base 8.
7760165
What is -4488a (base 12) in base 16?
-163ea
Convert 2a2134 (base 11) to base 9.
787482
Convert -253801 (base 16) to base 7.
-26506165
Convert 102102000210221 (base 3) to base 9.
12360727
-23a96a (base 13) to base 5
-204224343
What is -5a66a0 (base 15) in base 7?
-51521652
-11707248 (base 9) to base 12
-1b058b2
What is -2222414104 (base 5) in base 6?
-252440354
What is 41442 (base 9) in base 12?
1399b
What is 33253 (base 8) in base 12?
8123
What is 1101101101000001 (base 2) in base 13?
1c718
55122233 (base 7) to base 2
10010000010011000111001
What is -2002111201200 (base 3) in base 6?
-35501200
-1143430342 (base 5) to base 8
-12273635
7207774 (base 8) to base 9
3522602
Convert -37262 (base 8) to base 5.
-1003200
Convert 122421302 (base 5) to base 16.
908cd
Convert -12436d (base 15) to base 13.
-2482c3
What is 316998 (base 16) in base 10?
3238296
20121100121211 (base 3) to base 12
1213711
Convert 7bb36d (base 14) to base 12.
14b5119
What is 144032 (base 10) in base 16?
232a0
What is -138b47 (base 13) in base 7?
-4023061
-18518 (base 11) to base 7
-135356
-50241244 (base 6) to base 5
-330430412
Convert -131366 (base 7) to base 2.
-101111111100100
What is -1110101101101111111011 (base 2) in base 8?
-16555773
What is -120966 (base 12) in base 15?
-5b653
Convert 31c079 (base 14) to base 4.
12123112323
Convert 90d9a (base 15) to base 10.
458695
What is -357656 (base 8) in base 5?
-12412143
32426602 (base 7) to base 14
525339
What is -a513a (base 11) in base 13?
-5498b
What is -1101110201121 (base 3) in base 14?
-152b00
101002201002 (base 3) to base 12
9706b
What is 12fde (base 16) in base 12?
39026
Convert -91117 (base 13) to base 7.
-2130241
What is -1210022012220 (base 3) in base 6?
-32213423
Convert 802a97 (base 11) to base 10.
1292386
-101111000100101011 (base 2) to base 13
-699b8
What is -44908 (base 15) in base 13?
-7831a
Convert 4a6875 (base 16) to base 4.
102212201311
What is 403214141 (base 5) in base 6?
54353100
Convert 1011010101111010001100 (base 2) to base 6.
143421220
What is 13e556 (base 16) in base 11?
8106a9
What is 12325133 (base 6) in base 13?
110289
What is -3554212 (base 6) in base 15?
-3a2d2
What is 446049 (base 10) in base 14?
b87a9
Convert 233010220100 (base 4) to base 14.
18d2db2
Convert 278719 (base 10) to base 9.
464287
What is -4d7b62 (base 14) in base 6?
-133135030
What is -307c58 (base 14) in base 10?
-1635110
-42852 (base 9) to base 14
-a4c5
What is 113a99 (base 12) in base 10?
276309
5400332 (base 6) to base 3
111102211202
What is 76975 (base 12) in base 11?
a7981
-10001001100011000010 (base 2) to base 10
-563394
What is -30111113 (base 4) in base 9?
-76262
Convert 9546d (base 14) to base 3.
200022022010
-1366345 (base 7) to base 10
-184714
84566 (base 16) to base 9
1015502
Convert -15d048 (base 14) to base 8.
-2727310
Convert 1430250 (base 6) to base 15.
19350
Convert edc4 (base 15) to base 11.
34921
What is -2407a2 (base 13) in base 8?
-3214041
391585 (base 15) to base 3
12011010100022
Convert -b8a657 (base 16) to base 4.
-232022121113
Convert 1001001000000110001 (base 2) to base 13.
a6175
Convert -4312414 (base 5) to base 7.
-422263
Convert 308550 (base 9) to base 13.
6564c
Convert -12301 (base 8) to base 6.
-40333
ae241 (base 15) to base 3
1001010221221
What is -74785 (base 10) in base 13?
-28069
Convert -59471 (base 10) to base 12.
-2a4bb
-311320024 (base 5) to base 9
-2354631
Convert 61e20 (base 15) to base 4.
1023300201
What is 330230425 (base 6) in base 11?
33694a2
What is 5330402 (base 6) in base 3?
111020112102
What is -55b171 (base 13) in base 8?
-7560422
What is -313201333 (base 4) in base 8?
-674177
What is -104541634 (base 7) in base 16?
-609562
What is -1a7aa81 (base 11) in base 3?
-20120202221210
Convert 1b3c7 (base 16) to base 12.
54687
What is 12e8a3 (base 15) in base 13?
25b17a
Convert -101100000000110010100 (base 2) to base 15.
-1d74b6
What is -53740 (base 8) in base 11?
-159a1
5ee0 (base 16) to base 14
8bcc
What is -17cb7 (base 13) in base 16?
-b426
What is -111000220100220 (base 3) in base 4?
-122123002200
Convert 4a9761 (base 11) to base 10.
803507
What is -709b1 (base 12) in base 10?
-146581
130240220 (base 6) to base 8
11541324
Convert -a0e5 (base 15) to base 11.
-23578
What is -10170787 (base 9) in base 4?
-102221200033
-2617762 (base 8) to base 7
-6124403
Convert 672577 (base 12) to base 3.
10002102222001
Convert -10100110101100001101 (base 2) to base 4.
-2212230031
Convert 111110100110001100 (base 2) to base 4.
332212030
Convert -1160508 (base 11) to base 10.
-2021071
-322578 (base 10) to base 3
-121101111100
What is 2222111022002 (base 3) in base 2?
110000010110011001111
What is -804036 (base 9) in base 4?
-1310003031
-30124540 (base 6) to base 10
-851244
Convert -10111110101000011 (base 2) to base 5.
-11110403
Convert 480550 (base 9) to base 14.
77526
What is -280765 (base 10) in base 13?
-9aa44
Convert 1051212 (base 6) to base 12.
26b08
180390 (base 13) to base 14
118b41
What is 53779 (base 10) in base 16?
d213
Convert -10221002211 (base 3) to base 6.
-1354034
-2121333 (base 6) to base 16
-19659
Convert 1156707 (base 14) to base 13.
193a701
What is -112010110 (base 3) in base 6?
-115403
13441412 (base 6) to base 8
1573560
What is -1430488 (base 11) in base 14?
-480856
What is ac81d (base 14) in base 6?
12550203
What is -316d01 (base 14) in base 13?
-4666cb
What is -36094 (base 11) in base 6?
-1040444
-2279466 (base 10) to base 11
-1317662
3101202 (base 5) to base 12
25055
What is -10100001000000010 (base 2) in base 6?
-1433350
What is -42424131 (base 5) in base 13?
-c6c78
What is 277703 (base 13) in base 16?
ea266
Convert ca270 (base 16) to base 3.
1120001211021
102022211200 (base 3) to base 14
5b377
Convert 1b26a3 (base 14) to base 7.
11135563
a815251 (base 11) to base 16
1224ecc
-11101011010111001011 (base 2) to base 12
-3a5a8b
What is 1111111110010111001010 (base 2) in base 12?
149b462
What is -50742746 (base 8) in base 9?
-22167848
What is -53d25 (base 15) in base 6?
-5412242
What is -605634 (base 7) in base 15?
-20736
What is 3003303 (base 9) in base 6?
54120220
Convert -